{"id":1333,"date":"2015-08-03T10:27:00","date_gmt":"2015-08-03T08:27:00","guid":{"rendered":"http:\/\/www.motoclubcascinetta.it\/?page_id=1333"},"modified":"2020-10-08T15:01:32","modified_gmt":"2020-10-08T13:01:32","slug":"eventi","status":"publish","type":"page","link":"https:\/\/www.motoclubcascinetta.it\/?page_id=1333","title":{"rendered":"MISSONI &#8211; MA*GA &#8211; MOTO CLUB CASCINETTA GALLARATE"},"content":{"rendered":"<p><strong>Sabato 19 e domenica 20 settembre 2015 torna a Gallarate, per la sua <\/strong><strong>ottava edizione, la Rievocazione Storica del Circuito Cittadino \u201cCascinetta Gallarate\u201d organizzata dal Moto Club Cascinetta Gallarate: l&#8217;evento si avvale del patrocinio di Regione Lombardia, Camera di Commercio e Provincia di Varese e dell\u2019Assessorato allo Sport e Cultura del Comune di Gallarate, in collaborazione con FMI e ASI.<\/strong><\/p>\n<p><strong>Alla presentazione dell&#8217;evento &#8211; presso il Museo d&#8217;Arte Moderna di Gallarate,<a href=\"http:\/\/www.motoclubcascinetta.it\/wp-content\/uploads\/2015\/08\/unnamed.jpg\"><img loading=\"lazy\" decoding=\"async\" class=\"size-thumbnail wp-image-1573 alignleft\" src=\"http:\/\/www.motoclubcascinetta.it\/wp-content\/uploads\/2015\/08\/unnamed-150x46.jpg\" alt=\"unnamed\" width=\"150\" height=\"46\"><\/a>sono intervenuti Luca Missoni e il nipote Ottavio, la direttrice del MaGa Emma Zanella, il presidente del motoclub Cascinetta Giacomo Cattaneo, l&#8217;assessore comunale Danilo Barban, il curatore della mostra Pino Daniele, il responsabile nazionale FMI circuiti storici, Alfio Crespi e molti soci storici del motoclub organizzatore.<\/strong><\/p>\n<p><strong>L&#8217;weekend si apre infatti all&#8217;insegna della creativit\u00e0 e della fotografia: nel pomeriggio di sabato, presso il Museo Ma*Ga di Gallarate, l\u2019evento vivr\u00e0 un&#8217;anteprima culturale: &#8220;<em>Le Moto e Il Circuito Ieri e Oggi<\/em>&#8221; \u00e8 il titolo della mostra fotografica, a cura del Prof. Giuseppe Daniele, che verr\u00e0 inaugurata alla presenza dei vertici della famiglia Missoni e di MV Agusta.<\/strong><\/p>\n<p><strong>Da Sabato 19 settembre<\/strong>, <strong>ore 18.30<\/strong>, nei moderni ed ampi spazi museali del Ma*Ga \u00e8 protagonista la F3 675 al top del Mondiale Super Sport 2015 firmata proprio Missoni, oltre alle motostoriche che vinsero titoli nella velocit\u00e0 nel passato, con piloti gallaratesi e con grandi campioni di caratura internazionale. La scelta del celebre <strong><em>Museo d&#8217;Arte Moderna e Contemporanea di Gallarate<\/em><\/strong> \u00e8 tutt&#8217;altro che casuale: \u00e8 infatti stata inaugurata il 19 aprile scorso e sta riscuotendo ampi consensi popolari e di critica l&#8217;esposizione <strong><em>&#8220;Missoni, L&#8217;Arte, il Colore&#8221;<\/em><\/strong> (dovrebbe chiudersi il 15 novembre 2015).<\/p>\n<p><strong>Domenica 20 settembre, dalle ore 8<\/strong> <strong>alle ore 10.30,<\/strong> il polo di attrazione popolare sar\u00e0 il quartiere di Cascinetta: qui l&#8217;accoglienza degli ospiti e dei partecipanti con le loro motostoriche dal 1915 al 1988, quella dei VIP ex piloti, collezionisti, tecnici, meccanici di varie generazioni. <strong>Dalle ore 11 alle 17.30<\/strong> la passerella storica a tutto motore di circa 200 moto, divise per classi e et\u00e0 dei cimeli storici.<\/p>\n<p>Le \u201crievocazioni\u201d storiche dei Circuiti Motociclistici Cittadini degli anni \u201850 e \u201860 sono eventi che rivestono grande interesse culturale per FMI e i motoclub federati come quello di Cascinetta (sorto nel 1954) presieduto oggi da <strong>Giacomo Cattaneo, Armando Bonfiglio <\/strong>con segreteria gestita da <strong>Virginio Bellan<\/strong>.&nbsp; Si tratta di manifestazioni sportive non competitive per moto sportive e turistiche di spiccato interesse storico, il cui scopo \u00e8 di perseguire fini culturali, rievocando gare motociclistiche svoltesi nel passato, percorrendo buona parte del \u201ccircuito\u201dche un tempo fu teatro di celebri competizioni. Per Cascinetta si tratt\u00f2 di indimenticabili edizioni velocistiche, dal 1954 al 1971, per poi divenire rievocazioni biennali dal 2002 ad oggi, per desiderio dell&#8217;ex presidente, <strong>Enrico Terzi<\/strong>, recentemente scomparso, a cui \u00e8 dedicato un trofeo.<\/p>\n<p>L&#8217;evento di <strong>sabato 19 e domenica 20 settembre<\/strong> riveste particolare prestigio in una provincia, come quella di Varese, caratterizzata da una <strong>storia centenaria legata alla progettazione e realizzazione di moto<\/strong> di serie e sportive che hanno conquistato i mercati internazionali e hanno vinto titoli in Italia e nel mondo.<\/p>\n<p>La rievocazione storica \u00e8 inserita nel calendario FMI, \u00e8 divisa in classi per cilindrate 125cc, 175, 250, 350 e 500&nbsp; e vedr\u00e0 la partecipazione di motoclub dal Giappone, Germania, Svizzera, Francia, delegazioni di club MV Agusta, Aermacchi e MotoMagni, piloti della &#8220;Amicale Spirit of Speed&#8221; dai circuiti di Tourist Trophy e Hockenheim, ecc. La moto pi\u00f9 antica sin qui iscritta \u00e8 del centenaria Motosacoche 1000 proveniente dal museo ginevrino.<\/p>\n<p>E se <strong>Marco Lucchinelli<\/strong> sar\u00e0 certamente tra gli ospiti, molti altri VIP sono attesi a Cascinetta. Nelle ultime edizioni intervennero <strong>Giacomo Agostini, Phil Read, Jim Redman, Carlo Ubbiali, Angelo Tenconi<\/strong> e tanti altri appassionati piloti. Le immagini ufficiali dell&#8217;evento saranno realizzate dal <strong>Fotoclub<\/strong> <strong>Il Sestante<\/strong> di Gallarate.<\/p>\n<p>Un omaggio a Vittorio , grande amico e socio del Moto Club in occasione della Mostra Fotografica al MA*GA<a href=\"http:\/\/www.motoclubcascinetta.it\/wp-content\/uploads\/2015\/08\/IMG-20150714-WA0008.jpg\"><br \/>\n<\/a><a href=\"http:\/\/www.motoclubcascinetta.it\/wp-content\/uploads\/2015\/08\/Invito-ufficiale.jpg\"><img loading=\"lazy\" decoding=\"async\" class=\"alignleft wp-image-1343 \" src=\"http:\/\/www.motoclubcascinetta.it\/wp-content\/uploads\/2015\/08\/Invito-ufficiale.jpg\" alt=\"\" width=\"345\" height=\"571\" srcset=\"https:\/\/www.motoclubcascinetta.it\/wp-content\/uploads\/2015\/08\/Invito-ufficiale.jpg 800w, https:\/\/www.motoclubcascinetta.it\/wp-content\/uploads\/2015\/08\/Invito-ufficiale-181x300.jpg 181w, https:\/\/www.motoclubcascinetta.it\/wp-content\/uploads\/2015\/08\/Invito-ufficiale-619x1024.jpg 619w, https:\/\/www.motoclubcascinetta.it\/wp-content\/uploads\/2015\/08\/Invito-ufficiale-600x993.jpg 600w\" sizes=\"auto, (max-width: 345px) 100vw, 345px\" \/><\/a><\/p>\n<p><a href=\"http:\/\/www.motoclubcascinetta.it\/wp-content\/uploads\/2015\/08\/IMG-20150714-WA0008.jpg\"><img loading=\"lazy\" decoding=\"async\" class=\" wp-image-1336 alignleft\" src=\"http:\/\/www.motoclubcascinetta.it\/wp-content\/uploads\/2015\/08\/IMG-20150714-WA0008.jpg\" alt=\"IMG-20150714-WA0008\" width=\"801\" height=\"1111\"><\/a> <img loading=\"lazy\" decoding=\"async\" class=\"alignleft wp-image-1335\" src=\"http:\/\/www.motoclubcascinetta.it\/wp-content\/uploads\/2015\/08\/11053508_10206808216261766_1183965113903665044_n.jpg\" alt=\"11053508_10206808216261766_1183965113903665044_n\" width=\"802\" height=\"802\" srcset=\"https:\/\/www.motoclubcascinetta.it\/wp-content\/uploads\/2015\/08\/11053508_10206808216261766_1183965113903665044_n.jpg 960w, https:\/\/www.motoclubcascinetta.it\/wp-content\/uploads\/2015\/08\/11053508_10206808216261766_1183965113903665044_n-150x150.jpg 150w, https:\/\/www.motoclubcascinetta.it\/wp-content\/uploads\/2015\/08\/11053508_10206808216261766_1183965113903665044_n-300x300.jpg 300w, https:\/\/www.motoclubcascinetta.it\/wp-content\/uploads\/2015\/08\/11053508_10206808216261766_1183965113903665044_n-600x600.jpg 600w, https:\/\/www.motoclubcascinetta.it\/wp-content\/uploads\/2015\/08\/11053508_10206808216261766_1183965113903665044_n-50x50.jpg 50w\" sizes=\"auto, (max-width: 802px) 100vw, 802px\" \/><\/p>\n","protected":false},"excerpt":{"rendered":"<p>Sabato 19 e domenica 20 settembre 2015 torna a Gallarate, per la sua ottava edizione, la Rievocazione Storica del Circuito Cittadino \u201cCascinetta Gallarate\u201d organizzata dal Moto Club Cascinetta Gallarate: l&#8217;evento si avvale del patrocinio di Regione Lombardia, Camera di Commercio &hellip; <a href=\"https:\/\/www.motoclubcascinetta.it\/?page_id=1333\">Continua a leggere<span class=\"meta-nav\">&rarr;<\/span><\/a><\/p>\n","protected":false},"author":1,"featured_media":1386,"parent":0,"menu_order":0,"comment_status":"closed","ping_status":"closed","template":"","meta":{"_eb_attr":"","ngg_post_thumbnail":0,"footnotes":""},"class_list":["post-1333","page","type-page","status-publish","has-post-thumbnail","hentry"],"_links":{"self":[{"href":"https:\/\/www.motoclubcascinetta.it\/index.php?rest_route=\/wp\/v2\/pages\/1333","targetHints":{"allow":["GET"]}}],"collection":[{"href":"https:\/\/www.motoclubcascinetta.it\/index.php?rest_route=\/wp\/v2\/pages"}],"about":[{"href":"https:\/\/www.motoclubcascinetta.it\/index.php?rest_route=\/wp\/v2\/types\/page"}],"author":[{"embeddable":true,"href":"https:\/\/www.motoclubcascinetta.it\/index.php?rest_route=\/wp\/v2\/users\/1"}],"replies":[{"embeddable":true,"href":"https:\/\/www.motoclubcascinetta.it\/index.php?rest_route=%2Fwp%2Fv2%2Fcomments&post=1333"}],"version-history":[{"count":2,"href":"https:\/\/www.motoclubcascinetta.it\/index.php?rest_route=\/wp\/v2\/pages\/1333\/revisions"}],"predecessor-version":[{"id":10817,"href":"https:\/\/www.motoclubcascinetta.it\/index.php?rest_route=\/wp\/v2\/pages\/1333\/revisions\/10817"}],"wp:featuredmedia":[{"embeddable":true,"href":"https:\/\/www.motoclubcascinetta.it\/index.php?rest_route=\/wp\/v2\/media\/1386"}],"wp:attachment":[{"href":"https:\/\/www.motoclubcascinetta.it\/index.php?rest_route=%2Fwp%2Fv2%2Fmedia&parent=1333"}],"curies":[{"name":"wp","href":"https:\/\/api.w.org\/{rel}","templated":true}]}}